- (17 - 0)?
31
0 + 10 - (16 - (-93 - -114))
15
Calculate -13 - (-22 - (-18 + (14 - 5))) - -47.
47
Evaluate 18 + -10 + (-39 - 17).
-48
-10 + -16 + -2 + 21 - -66
59
What is the value of (-57 + -8 - -101) + 1?
37
What is -1 + -22 - (621 - 672)?
28
Calculate 43 + (11 - 0 - (0 - -19)) + -4.
31
Evaluate (-46 - -43) + 2 + 2 + (8 - 4).
5
Calculate 0 - (1 + 12) - (15 + (-28 - 29) - -39).
-10
What is -30 + (18 - 70) + 13 + 6?
-63
-76 + -7 + (-20 - -99)
-4
Evaluate -69 + (63 - -21) + (-4 + -57 - -5).
-41
What is -150 - (-15 - 133) - (-7 - 1 - -1)?
5
Calculate (-33 - (12 - 18 - 4)) + 13 - (-1 + 67).
-76
-13 + 2 - (-36 - (7 + -23))
9
What is 59 + -79 + (62 - (-4 + 4))?
42
What is (5 + 2 + -15 - (-1 - 6 - -1)) + -7?
-9
What is 10 - (7 + -7 + 17) - (244 - 158)?
-93
Evaluate (2 - -2) + (-8 + (11 - 0) - 6) + -103.
-102
Evaluate (24 - -16) + -77 - -9.
-28
What is -140 + 7 - (6 + -2 - (248 - 230))?
-119
Evaluate (3 - 20 - -37) + (20 - 8).
32
Evaluate -122 - (1 + (-5 - -13) + (-3 - (-1 + -5))).
-134
Calculate 3 - (-14 - (-8 + -14)).
-5
141 + -99 - (17 - 5) - 111
-81
What is the value of (-356 - -365) + (-1 - 1) + -13 + 1?
-5
What is the value of -18 + 0 + 100 + -32 - -16?
66
Calculate -8 + (53 - -17) - 134.
-72
Calculate -25 + (58 - 24) + -21.
-12
What is the value of 102 + 12 - (5 + 4) - (-19 - -17) - 11?
96
What is 1 + -1 + -4 + 6 + -71 + (47 - 4)?
-26
Calculate 9 + -4 + -20 - (-1 - (16 + -52)).
-50
What is (49 - -1) + (-219 + 98 - -124)?
53
What is the value of 12 - (61 - -127 - 82)?
-94
What is the value of 60 + -1 + 812 + -930?
-59
What is 0 + 87 + 10680 + -10748?
19
What is 26 - 5 - ((0 - -8) + (0 - (-8 + 11)))?
16
What is -70 + 11 - -9 - (348 + -329)?
-69
What is the value of (-16 - (217 + -271 - (26 + 0))) + -17?
47
(-2 + -12 - (8 - 83 - 0)) + (-14 - 0)
47
What is the value of -17 + -11 + (13 - (-8 - -1))?
-8
What is -49 - (32 + -51 - -24)?
-54
What is the value of (-16 - 1) + 18 + -3 + -1 - 8?
-11
What is 4 - (-1 + 8 - (48 + -52))?
-7
Evaluate (-30 - -34) + 46 - 42.
8
Calculate 10 + -6 - (2 + -4 + 12 + 13).
-19
What is the value of -77 + (1 - 6) + 39 + -62 + 35?
-70
What is the value of -14 + 9 + -9 + (0 - -16)?
2
-117 + 72 + -18 - (0 + 4 + -18)
-49
-79 + (-101 - -191) + -158
-147
Calculate -8 - 0 - (-117 + 28).
81
Calculate 107 + (0 + -15 - -11) + (-7 - 0).
96
Evaluate -196 - -249 - (83 - 4) - (-1 + -6 + 1).
-20
What is the value of -11 + (-1 - 2) - (48 - (4 + -19))?
-77
Evaluate -131 + (-15 - (-14 + -12 + 3)) - -17.
-106
Calculate (193 - 114) + -6 - -65.
138
Calculate 94 + (-282 + 259 - (-8 - (9 + -2))).
86
Calculate 89 + -90 - (-3 - -45 - 7).
-36
-19 + 47 + -77 + 23
-26
18 + -107 + 7 - -28
-54
Evaluate (87 - 64) + -173 + 264.
114
What is (0 - 0) + 3 + (-12 - (-21 + 9 + -14))?
17
Calculate -43 + -1 - (-468 + 479).
-55
-1 + 0 + -9 + 9 - (-113 - (73 - 136))
49
8 - (12 + -4 - (53 + -7 + -6 - 1))
39
What is the value of 14 + 0 + 5 + 21 + -32 + 8?
16
What is the value of 73 - (15 + -7 + 71)?
-6
-8 + (-1264 - -1158 - (-21 + -2))
-91
What is -47 - (10 - -2) - (-2 + 42 + -45)?
-54
-12 + -1 - (-115 - (-14 + -72 - -53))
69
What is the value of -9 + (-2 + 15 - (9 + -126 + -9 + -5))?
135
What is 15 - (-6 - -31 - -38 - 33)?
-15
Calculate 14 - (36 - (-5 - -117 - 27)).
63
-7 + 0 + 10 + 0 + -113 + 130
20
What is 64 - ((101 - -60) + -69)?
-28
Calculate -2 - -37 - (-6 - -9 - (34 + -16)).
50
20 + (-21 - (11 - (47 + -25)))
10
Calculate (7 - -5) + -22 + 31 + -18 + 22.
25
Calculate (0 - (17 + -1)) + 267 + -518 + 324.
57
Evaluate -9 + (-22 + -28 - -57) + (-1 - -3 - 27).
-27
Evaluate 14 - (-1 + -3) - (-20 + -27 + -10).
75
Calculate -19 - (222 + -270 + (12 - -1)).
16
Calculate -14 - (23 - 135 - -58).
40
114 - 62 - 27 - 40
-15
-11911 - -11783 - (-51 - 0)
-77
Evaluate -1 - 13 - (-5 + -1 - (21 - 13)).
0
What is the value of -99 + 90 + -34 + 188?
145
What is -49 - (7 + -22) - (-1 - -10)?
-43
What is the value of -8 + (33 - -2) - (-16 - (17 + -23))?
37
What is the value of 18 - (-54 + 5 + -6 + 6 - -14)?
53
(-29 - -29) + (-11 - -1) - (12 + 73 + -12)
-83
Evaluate 114 - 47 - (-11 - -5 - 27).
100
What is the value of -2 + -106 + 208 - 208?
-108
(66 - (-19 + 4)) + -14
67
Evaluate (28 - 5) + -29 + 1 - ((12 - 8) + -116).
107
(-2 - (-4 + (0 - -1 - 1))) + -6 + -40
-44
What is 33 - (174 + -115 + 28)?
-54
Calculate (3 + -11 - -20) + (-218 - -256).
50
Evaluate (9 - -72) + -36 + (1 + -3 - -7).
50
3 - (40 + (22 - 13)) - -3
-43
Calculate -71 + 116 + -131 - -104.
18
What is the value of 4 + -10 + -2 + 5 + 10 + (29 - -4)?
40
What is the value of 90 + 10 + -26 - 37?
37
What is (7 + -61 - -9) + (1 + -13 - (174 - 198))?
-33
Calculate -9 - (-41 - -35 - 20) - -10.
27
Calculate (46 - -55 - 86) + -76.
-61
Calculate -3 - 13 - (-54 - (-102 + 19)).
-45
Calculate (-113 - -121) + (26 + 2 - (3 + -9)).
42
What is the value of -1 - 17 - (6 + (81 - 90) + (-1 - 1))?
-13
(-37 - (-6 + 13)) + 51 - (77 - -1)
-71
What is 52 - (92 - 76 - -38)?
-2
Evaluate -36 - (-61 + (27 - -47)).
-49
Calculate (2 - 34) + (17 - -7).
-8
-15 + (-31 - -3) + -15 + -5
-63
Evaluate -41 + (-4 - (13 + (-9 - 20))) - -9.
-20
What is the value of 2 - -51 - (-419 + 463)?
9
What is the value of -32 + 19 + (9 + -7 - -5)?
-6
-16 - -10 - (8 - 73) - (-1 - -15)
45
Calculate 38 + -138 + (512 - 439).
-27
Calculate -368 + 368 + (0 - 7).
-7
Calculate -12 - (-1 + -5 + 23 + 10).
-39
What is the value of (21 - -7) + -17 + -5 + 19?
25
What is 67 - (-50 + 20) - (4 - ((-2 - 4) + 2))?
89
Evaluate -19 - (-72 - -26) - 34.
-7
-60 + (7 + -20 + -4 - (23 - 25))
-75
What is the value of -18 - 35 - -56 - 5?
-2
Evaluate -21 + -5 + 28 - (-2 - (1 + -2 + 7)).
10
Evaluate -43 + -81 + 99 + 19.
-6
8 + (-44 - (-26 + -11) - (-1 + 0))
2
Calculate (-2 - (2 - -21)) + -2 + (-132 - 16 - -144).
-31
76 - (56 - (-118 + 39))
-59
Evaluate 8 + -11 + -45 - (-121 + 117 + (0 - -3)).
-47
Calculate -69 + 11 + (-12 + -1 + 21 - 21).
-71
What is -14 + -14 + 44 + -28 - 66?
-78
53 + -10 + (23 - 24 - 1)
41
Evaluate 80 + 24 + -7 + -56.
41
Calculate 2 - ((-34 - ((-11 - -5) + -19)) + 30 + 2).
-21
What is the value of -8 + (79 - 74 - -92)?
89
Calculate -73 + 135 - -16 - 88.
-10
Calculate -4 + -81 + (-8 - -11) + (0 - (14 - 14)).
-82
Evaluate 58 + (-51 - (-21 + 47)) - (11 - 0).
-30
Calculate -2 + -48 + (285 - 268) + (-21 - 0).
-54
What is 82 + -28 + 13 - (-3 - (-3 - 3))?
64
What is the value of -35 + 8 + -3 + -10 + -3?
-43
What is 0 + 5 - ((-151 - -70 - -63) + 0 + 71)?
-48
What is -1 - (181 + -202 + (3 + -1 - 1 - -4))?
15
What is -4 + 5 + -11 - (-402 + 403) - -40?
29
Calculate 63 + -27 + 7 + 1 + 4 + -3.
45
Evaluate (1348 - 1377) + (-7 - -3 - 0) + 11.
-22
What is (-5 - -7) + (-42 + -33 - -66) + 2 + 0?
-5
2 + 9 + -6 + 4 - 5
4
(68 - (73 - 15)) + 48 + 0
58
Evaluate -50 + 127 - (111 - -14).
-48
What is 53 - (-1 + 37 + 8)?
9
What is (66 + 98 - 136) + -113?
-85
What is the value of 5 - 186 - (174 + -312)?
-43
What is the value of -6 - 2 - (89 - (-92 + 184)) - (-88 + 1)?
82
Evaluate (29 - 1) + (11 - 16) - 29.
-6
Evaluate 39 - (7 + (3 - (-5 + (4 - 7))) + -9).
30
What is the value of 76 + 0 + -5 + -2 + (18 + -14 - 13)?
60
Evaluate 2 - -4 - (-104 + 58 - -13).
39
What is the value of (-1095 - -1066) + (2 - -40) + (-16 - 1)?
-4
Calculate (15 - -18) + -70 + (10 - 3).
-30
Evaluate -69 + (-33 - (28 + -75)).
-55
What is (45 - (-11 - (2 + -10))) + (12 - 23)?
37
What is the value of -23 + (47 - (1 - -5 - 28))?
46
What is the value of 37 - (119 - (-10 - -103))?
11
What is 79 + 0 + -52 + 32 + 19 - (-6 + 11)?
73
What is the value of -7 + (25 + -6 - 29) - -7?
-10
What is -53 + -6 + -71 + 73 + 25?
-32
Evaluate -48 + 36 + 54 + 4.
46
Evaluate (-1 - -136) + 2025 + -2072.
88
Evaluate -36 + -7 + (187 - 144).
0
Calculate -58 - (-39 + 0 + 4 + 17).
-40
Evaluate (76 - 29 - -64) + -190.
-79
What is the value of (0 - -149) + -2850 + 2774?
73
What is the value of 78 - (141 - 76 - -5)?
8
26 - (-5 - -12) - -26
45
98 + -20 - 65 - (1 - 20)
32
Calculate -14 + 20 + (-38 - -7) + 66.
41
4 + 6 + -28 + 49
31
What is the value of 40 + (-53 - (48 + -42))?
-19
What is (11 - (-22 - -47) - -18) + -30?
-26
What is the value of 13 + (-13 + 18 + (-3 - 17) - -71)?
69
Evaluate (26 - 14) + 101 + -91.
22
Calculate (-6 - -26 - (-4 + 3)) + 1.
22
Evaluate (26 + -17 + -13 - -13) + -13 + 92.
88
(-20 - -35) + -96 + 88
7
25 + 4 + 13 + -118
-76
Calculate 10 + -18 + 9 - 